) = -25*j + 1. What is o(1)?
-24
Let c(r) = -r**2 - 15*r + 10. Calculate c(-15).
10
Let b(u) = u**3 - 33*u**2 + 229*u + 15. What is b(10)?
5
Let y(r) = r**2 - 11*r - 48. Determine y(15).
12
Let h(g) = -20*g + 1. Give h(-3).
61
Let p(t) = -7*t + 37. Determine p(5).
2
Let x(v) = 2*v - 38. Calculate x(12).
-14
Let l(d) = -d + 33. Calculate l(18).
15
Let c(j) = j**3 + 17*j**2 + 16*j - 32. Calculate c(-16).
-32
Let p(x) = -x**3 - x**2 - 4*x - 17. Give p(-3).
13
Let f(k) = -k - 1. Determine f(-3).
2
Let y(r) = r**3 + 5*r**2 + r - 17. Determine y(-4).
-5
Let z(q) = -3*q**3 + 3*q**2 - 3*q - 17. What is z(-2)?
25
Let y(b) = 6*b**2 + 10*b + 2. Give y(-2).
6
Let d(q) = 3*q + 43. Calculate d(0).
43
Let t(x) = x**2 - 49*x + 127. Determine t(3).
-11
Let g(r) = -r**2 + 6*r + 48. What is g(12)?
-24
Let s(n) = -11*n + 4. Calculate s(-7).
81
Let y(z) = z**3 - 10*z**2 + 10*z - 80. Determine y(9).
-71
Let f(u) = -2*u + 7. Determine f(3).
1
Let c(p) = p + 15. What is c(8)?
23
Let n(z) = -z**3 + 7*z**2 + 2*z + 8. Calculate n(8).
-40
Let y(x) = 2*x**2 - 4*x. What is y(2)?
0
Let t(i) = i**3 + 9*i**2 - 8*i + 9. Calculate t(-10).
-11
Let d(t) = -t**3 + 8*t**2 + 14*t - 31. Give d(9).
14
Let d(m) = 3*m + 3. Calculate d(1).
6
Let m(i) = -8*i - 4. Determine m(1).
-12
Let r(h) = h**3 - 10*h**2 + 9*h. What is r(9)?
0
Let j(w) = w**2 + 7*w + 19. What is j(-4)?
7
Let x(z) = 2*z**2 + 4*z + 7. Determine x(-2).
7
Let t(l) = 47*l**3 - l**2 + 14*l - 14. Give t(1).
46
Let d(w) = w**2 - 11*w + 38. Give d(7).
10
Let u(y) = -y**3 - 18*y**2 + 20*y + 19. Calculate u(-19).
0
Let h(a) = -a**3 - 8*a**2 - 3*a - 8. Give h(-8).
16
Let c(k) = k**3 - 15*k**2 + 9*k + 70. Give c(14).
0
Let n(t) = -2*t + 12. Calculate n(6).
0
Let d(y) = -3*y**2 - 21*y + 47. Calculate d(-9).
-7
Let k(u) = 2*u**3 - 31*u**2 - 15*u - 25. Determine k(16).
-9
Let u(z) = -17*z + 191. Determine u(11).
4
Let o(l) = l**3 - l**2 - 30*l + 4. Give o(7).
88
Let t(h) = -6*h**2 - h - 1. Determine t(-1).
-6
Let r(m) = m**3 + 17*m**2 + 47*m + 71. Determine r(-14).
1
Let n(r) = -r**2 + 2*r + 39. Determine n(8).
-9
Let a(v) = -v**3 + 11*v**2 - 8*v - 2. Give a(4).
78
Let t(q) = q**2 + 3*q - 5. What is t(3)?
13
Let z(y) = 2*y**2 + y - 15. What is z(-4)?
13
Let p(x) = x**2 + 34*x + 274. Calculate p(-12).
10
Let c(x) = -2*x**3 - 15*x**2 - 25*x - 123. Calculate c(-7).
3
Let o(h) = h**3 - 6*h**2 + 4*h + 1. Determine o(2).
-7
Let u(x) = -6*x - 21. Calculate u(0).
-21
Let c(g) = -76*g**3 + 3*g**2 - 1. Determine c(1).
-74
Let d(z) = -z**2 + 26*z + 27. Calculate d(27).
0
Let s(x) = x**2 - 38*x + 279. Give s(28).
-1
Let i(v) = v**2 + 2*v + 6. Determine i(-8).
54
Let y(n) = n**3 - n**2 + 3*n + 18. Determine y(-2).
0
Let v(j) = -j**2 - 26*j - 49. What is v(-24)?
-1
Let g(l) = l**3 - 3*l**2 - 3*l - 7. Determine g(4).
-3
Let f(w) = -65*w - 1. Give f(1).
-66
Let z(u) = -u**3 + 6*u**2 - 5*u - 2. Calculate z(3).
10
Let w(k) = 10*k - 420. Calculate w(43).
10
Let u(d) = d**2 + 9*d - 2. Give u(-9).
-2
Let n(q) = 11*q**3 - 12*q**2 + 5*q - 2. What is n(1)?
2
Let l(c) = -4*c**2 + 11*c + 10. Determine l(-4).
-98
Let u(o) = o - 45. What is u(-4)?
-49
Let q(x) = 4*x - 18. Give q(10).
22
Let b(j) = -j**3 + 5*j**2 + 5*j + 4. Calculate b(6).
-2
Let l(d) = 3*d**2 + 9*d + 11. Calculate l(-5).
41
Let d(w) = -w - 5. Give d(7).
-12
Let z(g) = 2*g - 26. Calculate z(7).
-12
Let v(x) = x**3 + 11*x**2 + x + 5. Give v(-11).
-6
Let w(b) = b - 6. Calculate w(-3).
-9
Let c(y) = -4*y - 15. Give c(6).
-39
Let c(h) = -2*h - 72. What is c(-23)?
-26
Let h(s) = s**3 + 13*s**2 - 9*s + 9. Give h(-14).
-61
Let o(y) = -7*y + 71. Give o(9).
8
Let k(p) = -p. Determine k(-5).
5
Let b(v) = -v**2 - 7*v - 2. What is b(-5)?
8
Let h(a) = a**3 - 3*a**2 - 8*a - 1. Determine h(5).
9
Let f(k) = 6*k + 18. Give f(-5).
-12
Let w(m) = 6*m - 20. Determine w(0).
-20
Let u(x) = -x**3 - 26*x**2 - 25*x + 11. Calculate u(-25).
11
Let g(c) = c**3 - 3*c**2 + c + 6. Calculate g(3).
9
Let d(c) = c - 7. What is d(-8)?
-15
Let q(g) = g**3 + 23*g**2 - g - 23. Give q(-23).
0
Let a(j) = -j**3 - 15*j**2 - 24*j + 24. Give a(-12).
-120
Let g(s) = -s - 6. Determine g(-13).
7
Let f(a) = 3*a**2 - 42*a + 154. Determine f(7).
7
Let u(f) = f**3 - 12*f**2 + 3*f + 6. Give u(10).
-164
Let x(g) = g**3 + 45*g**2 + 373*g - 29. Give x(-34).
5
Let a(c) = c**2 + 14*c - 7. Give a(-15).
8
Let j(k) = k**2 - 14*k + 9. What is j(13)?
-4
Let i(m) = -5*m**2 + 23*m - 12. Calculate i(6).
-54
Let d(p) = -p**3 - 3*p**2 - 3*p - 21. Give d(-5).
44
Let z(w) = w**2 + 20*w + 26. What is z(-5)?
-49
Let y(m) = -21*m - 3. Determine y(1).
-24
Let c(m) = m**3 + 10*m**2 - 12*m + 7. Determine c(-11).
18
Let o(f) = -3*f + 11. Give o(7).
-10
Let z(h) = 11*h**3. Give z(1).
11
Let w(v) = 7*v - 157. Calculate w(23).
4
Let x(d) = -19*d**2 + d. Give x(2).
-74
Let l(x) = -x**3 - 6*x**2 + 8*x - 3. Determine l(-7).
-10
Let u(g) = -16*g**2 - 145*g - 17. Give u(-9).
-8
Let a(s) = -3*s**2 + 26*s - 19. What is a(8)?
-3
Let m(s) = -s**3 + 38*s**2 - 38*s + 40. What is m(37)?
3
Let t(g) = 4*g**2 + 33*g + 14. Determine t(-7).
-21
Let g(o) = -2*o**3 - 10*o**2 + o + 22. Determine g(-5).
17
Let a(d) = -3*d**2 - 65*d - 65. Calculate a(-21).
-23
Let i(h) = -h**2 + 14*h + 34. Give i(16).
2
Let v(p) = p**3 - 2*p**2 + 4*p + 7. Give v(4).
55
Let i(y) = -2*y - 11. Give i(11).
-33
Let y(u) = -u**2 - 15*u - 36. What is y(-12)?
0
Let j(o) = -o**2 - 13*o - 3. Give j(-10).
27
Let k(a) = a**3 + 10*a**2 - 8*a + 23. Calculate k(-11).
-10
Let b(m) = -8*m + 36. Calculate b(0).
36
Let x(o) = 7*o**2 + 5*o - 5. Determine x(1).
7
Let j(o) = -o**3 - 15*o**2 + 43. Calculate j(-15).
43
Let s(k) = 49*k + 10. What is s(3)?
157
Let u(r) = -r**3 + 6*r**2 + 10*r - 2. Calculate u(7).
19
Let v(g) = -g**3 - 12*g**2 - 23*g + 7. Determine v(-9).
-29
Let o(c) = 9*c + 1. Calculate o(-8).
-71
Let i(p) = p**3 - 3*p**2 - 7*p - 10. Give i(5).
5
Let w(h) = 35*h - 116. What is w(4)?
24
Let k(v) = v**2 - 9*v + 2. Give k(6).
-16
Let z(b) = b**3 - 15*b**2 + 14*b - 9. Calculate z(14).
-9
Let v(i) = -i**3 - 2*i**2 + 21*i - 15. What is v(-6)?
3
Let c(b) = -47*b**2 + 2*b + 1. Determine c(-1).
-48
Let g(u) = 11*u**2 - 36*u + 2. Determine g(3).
-7
Let x(i) = 10*i - 1. Determine x(3).
29
Let c(h) = -2*h + 13. What is c(4)?
5
Let c(i) = i**2 - 9*i - 326. Give c(-14).
-4
Let k(m) = 3*m**2 + m - 4. What is k(6)?
110
Let x(v) = v**2 - 38*v + 140. Calculate x(33).
-25
Let b(u) = u**3 + 2*u**2 + 2. Give b(-2).
2
Let l(i) = -4*i - 38. Calculate l(-11).
6
Let v(u) = 3*u - 27. Calculate v(6).
-9
Let z(p) = -4*p + 3. Give z(18).
-69
Let o(h) = -26*h**2 + h. Calculate o(1).
-25
Let z(g) = g**2 + 9*g. What is z(-8)?
-8
Let a(p) = p**3 - 4*p**2 - 9*p + 11. Determine a(5).
-9
Let k(w) = -w**3 + 5*w**2 + 7*w - 6. Calculate k(7).
-55
Let c(p) = -6*p + 25. Give c(-6).
61
Let q(z) = -6*z + 117. Determine q(20).
-3
Let y(f) = -f**3 + 29*f**2 - 52*f - 35. Determine y(27).
19
Let v(y) = -y**3 - 3*y**2 + 8*y. Give v(-4).
-16
Let j(z) = 19*z**2 - 3*z + 8. Calculate j(2).
78
Let g(q) = q**3 + 4*q**2 - q - 2. Determine g(-3).
10
Let f(r) = 2*r**2 + 25*r + 7. Determine f(-12).
-5
Let z(g) = g**2 - 29*g + 143. Determine z(21).
-25
Let y(o) = o**3 + 6*o**2 + 6*o + 10. Give y(-5).
5
Let h(f) = -f - 68. Give h(-4).
-64
Let t(n) = n**3 + 8*n**2 - 2*n - 23. What is t(-8)?
-7
Let v(u) = u**3 + 8*u**2 + 6*u - 4. Give v(-2).
8
Let r(a) = a**2 - a - 33. Give r(-7).
23
Let x(v) = -v**2 - 13*v + 41. Determine x(3).
-7
Let k(m) = -9*m**2 - 20*m - 5. Calculate k(-2).
-1
Let o(x) = x**2 + 10*x - 3. Determine o(-11).
8
Let x(j) = -j**3 + 13*j**2 - 13*j + 20. Give x(12).
8
Let h(t) = t**3 + 11*t**2 + 8*t - 37. Give h(-10).
-17
Let c(w) = -w**2 + 20*w + 18. Calculate c(13).
109
Let c(q) = -q**3 + 11*q**2 + 13*q - 15. Determine c(12).
-3
Let u(k) = -2*k**3 + 4*k**2 - 3*k + 2. Determine u(2).
-4
Let s(w) = -w**3 - 23*w**2 - 35*w + 152. Determine s(-21).
5
Let c(w) = -w**3 - 8*w**2 + 22*w. Give c(-10).
-20
Let a(m) = -53*m - 8. Calculate a(-3).
151
Let k(v) = -2*v + 42. What is k(13)?
16
Let h(u) = -u**2 - 3. Calculate h(4).
-19
Let f(i) = -i**3 - 5*i**2 - 5*i. What is f(-5)?
25
Let c(y) = y**2 - y - 10. Give c(-5).
20
Let p(g) = -g**3 + 5*g. Give p(-2).
-2
Let m(c) = -c**2 - 10*c + 1. Determine m(-8).
17
Let c(z) = 2*z**2 + 26*z + 67. Determine c(-4).
-5
Let w(k) = 2*k